1353 (base 9) to base 5
-31002323
Convert 81b14 (base 13) to base 16.
38c71
-12ed8 (base 16) to base 10
-77528
What is 50c0b2 (base 13) in base 5?
440223344
-48628 (base 15) to base 2
-111000010111101000
Convert 2011328 (base 10) to base 4.
13223003000
What is 2242120142 (base 5) in base 6?
255533144
What is -43038 (base 12) in base 2?
-10101100001101100
What is 1010001111000111000 (base 2) in base 16?
51e38
101071 (base 10) to base 13
37009
What is -2c2a01 (base 15) in base 16?
-2094d3
Convert -502001021 (base 6) to base 4.
-200121021211
What is -260162 (base 11) in base 2?
-1100100001000011001
Convert -105211 (base 7) to base 15.
-57bd
10211201101 (base 3) to base 13
28552
Convert 2710c4 (base 13) to base 2.
11100110101011100110
-120340242 (base 5) to base 7
-4515135
What is 11011010010100010001 (base 2) in base 3?
1200102122110
What is 1c497c (base 15) in base 4?
11101201311
What is -1352237 (base 11) in base 10?
-2330863
5205223 (base 6) to base 9
420836
-1000100001000000 (base 2) to base 5
-2104010
What is 1806d (base 16) in base 6?
2035341
Convert 11222213223 (base 4) to base 8.
5524753
162060 (base 7) to base 4
13303011
Convert -23459 (base 14) to base 6.
-1501451
423085 (base 9) to base 6
5220422
What is 6563029 (base 10) in base 11?
37829a0
Convert -121202002 (base 3) to base 5.
-342311
Convert -22620163 (base 7) to base 5.
-1002104442
537c1 (base 13) to base 7
1165315
-11556131 (base 8) to base 10
-2546777
What is 7b723 (base 16) in base 5?
112140020
What is 274403 (base 11) in base 15?
877d5
11101100100011011100 (base 2) to base 10
968924
Convert -2887465 (base 11) to base 12.
-17b162a
What is 3400483 (base 11) in base 6?
331422034
Convert -998143 (base 10) to base 8.
-3635377
What is -100010001101001010 (base 2) in base 3?
-21010012010
What is 2a83aa8 (base 13) in base 2?
110011111001001001111111
Convert 3000032 (base 5) to base 2.
1011011100101100
-e17c (base 15) to base 12
-23660
Convert 874325 (base 11) to base 13.
39b8c6
35114 (base 8) to base 13
6a40
-100201110001 (base 3) to base 5
-22110243
190624 (base 11) to base 8
1075304
Convert c08a3 (base 14) to base 5.
104301303
1268543 (base 9) to base 12
296379
What is -1654720 (base 8) in base 11?
-2a9a3a
-49c3c (base 15) to base 7
-2000655
What is 5041000 (base 6) in base 9?
403360
-e7c95 (base 15) to base 16
-b37ef
Convert -111201020021112 (base 3) to base 16.
-6f31f7
What is 2030042 (base 6) in base 5?
11102401
What is 6e348 (base 15) in base 4?
1111313333
3a4452 (base 15) to base 12
b2b858
3256622 (base 8) to base 12
362a96
-125964 (base 15) to base 5
-211121434
Convert 1334141 (base 5) to base 2.
110101100011101
1301141 (base 6) to base 9
116337
-4076606 (base 9) to base 8
-10233055
1401306 (base 10) to base 9
2565206
2210302113 (base 4) to base 2
10100100110010010111
What is e19f6 (base 16) in base 6?
31450250
Convert -201443202 (base 5) to base 13.
-22596a
What is 135455 (base 7) in base 15?
7a5b
Convert 9e7ac (base 15) to base 4.
1323030210
What is 11011101101011011010 (base 2) in base 15?
12e07e
Convert -132b091 (base 12) to base 4.
-32132002231
Convert -176732 (base 9) to base 5.
-12004241
Convert 12661322 (base 7) to base 4.
10132301003
What is b29a49 (base 14) in base 15?
7dd8cc
1335163 (base 7) to base 10
177082
Convert -1001001001011001010 (base 2) to base 9.
-506124
Convert 6b5855 (base 15) to base 8.
23447150
What is -1acfae (base 16) in base 15?
-24a952
What is -a39d (base 16) in base 7?
-233054
What is -3434105 (base 7) in base 13?
-12023c
-103133113 (base 4) to base 12
-3a247
What is -1077037 (base 8) in base 4?
-1013320133
-a63b (base 13) to base 15
-6c59
Convert -1f7df7 (base 16) to base 14.
-3ba1cb
Convert -35211023 (base 6) to base 14.
-205411
What is 936cb (base 13) in base 8?
1005165
Convert -1413123 (base 5) to base 12.
-14a63
Convert 32232352 (base 6) to base 4.
3220230230
Convert -60024 (base 12) to base 6.
-2400044
Convert 283524 (base 9) to base 5.
21020300
-231761 (base 10) to base 2
-111000100101010001
Convert 23200240 (base 5) to base 10.
209445
Convert 58920 (base 11) to base 16.
14be4
Convert -20133331123 (base 4) to base 2.
-1000011111111101011011
Convert 25166126 (base 7) to base 13.
615812
What is -1531896 (base 10) in base 15?
-203d66
What is 12445064 (base 8) in base 2?
1010100100101000110100
-12335417 (base 9) to base 7
-102252523
-1211410204 (base 5) to base 4
-22311223120
19a813 (base 12) to base 3
212001122020
-11011222001122 (base 3) to base 14
-41c450
Convert -101111000101011101 (base 2) to base 4.
-233011131
Convert -204241433 (base 5) to base 14.
-182aa3
What is -213321 (base 4) in base 14?
-d05
-1001321131 (base 4) to base 11
-17487a
-3303102031 (base 4) to base 13
-28b754
What is 121000122121212 (base 3) in base 10?
8515904
70241 (base 8) to base 10
28833
414103234 (base 5) to base 7
20335533
What is 11101220200012 (base 3) in base 16?
23b6e5
-703167 (base 8) to base 14
-602a3
What is -1220200022 (base 4) in base 12?
-187862
What is -13330311 (base 4) in base 9?
-48603
-23983e (base 16) to base 12
-945b66
Convert -5387865 (base 11) to base 16.
-907a1a
What is 41f5d2 (base 16) in base 14?
8074d4
-4407203 (base 10) to base 16
-433fa3
430134 (base 5) to base 10
14419
What is -111000111001011101 (base 2) in base 11?
-14a107
Convert -10010101010111001 (base 2) to base 16.
-12ab9
What is -862383 (base 12) in base 13?
-5926a7
What is -2515642 (base 11) in base 7?
-52101552
4c0702 (base 16) to base 9
10333664
1b1588a (base 12) to base 10
5753770
14302387 (base 9) to base 10
7087660
-1759797 (base 11) to base 4
-23120301133
21e127 (base 16) to base 2
1000011110000100100111
What is -48844a (base 11) in base 4?
-2330212212
What is -22117a8 (base 11) in base 8?
-16636261
What is 2839b49 (base 12) in base 10?
8042025
-73dcb2 (base 16) to base 5
-3420440023
1038737 (base 9) to base 16
881f5
40062 (base 7) to base 14
3732
Convert -2b406 (base 13) to base 4.
-110000303
Convert 1143223131 (base 5) to base 12.
aa8a81
195a89 (base 11) to base 4
1021123232
Convert -494686 (base 15) to base 9.
-6536180
Convert -111100111001111100 (base 2) to base 14.
-66cb2
Convert -738347 (base 10) to base 3.
-1101111211012
-257bb8 (base 13) to base 2
-11011100011001111100
Convert -64126325 (base 7) to base 15.
-725892
Convert -1222212222011 (base 3) to base 8.
-4027500
2026164 (base 9) to base 3
2000220012011
Convert -1720237 (base 8) to base 6.
-14414115
What is -513438 (base 10) in base 2?
-1111101010110011110
-110011111110000000 (base 2) to base 14
-57808
Convert -626705 (base 13) to base 16.
-231572
Convert 40730532 (base 8) to base 7.
133234103
-102211002211 (base 3) to base 15
-48dd7
Convert -160173 (base 9) to base 5.
-11123222
-1200321110 (base 4) to base 14
-a48cc
What is 11202003 (base 4) in base 6?
252523
What is -36391 (base 10) in base 7?
-211045
Convert -19b5d (base 16) to base 12.
-50b39
What is -2b647a (base 13) in base 11?
-671499
1122993 (base 11) to base 10
1965747
What is -1c95 (base 14) in base 8?
-12153
What is -51462 (base 10) in base 12?
-25946
What is -110222110010122 (base 3) in base 7?
-112426325
11101011001011011 (base 2) to base 15
25a26
What is -2161e (base 15) in base 11?
-72708
1071380 (base 9) to base 15
b65ac
What is 101314032 (base 5) in base 14?
abc51
-899673 (base 11) to base 4
-11131312002
What is 1115530 (base 9) in base 13?
1807c8
What is -20433211 (base 6) in base 14?
-1170a3
What is -50454214 (base 6) in base 3?
-2201001212001
What is -69c0 (base 15) in base 16?
-57b7
-352244033 (base 6) to base 8
-30777565
Convert 1303da (base 14) to base 5.
131410402
What is -223545 (base 10) in base 13?
-7a99a
Convert -8c0c29 (base 13) to base 7.
-40115062
What is -617a4 (base 11) in base 8?
-260032
-29782 (base 12) to base 16
-e312
What is -82807 (base 10) in base 12?
-3bb07
Convert 248288 (base 10) to base 6.
5153252
What is -203430043 (base 5) in base 10?
-842523
Convert -466344 (base 7) to base 11.
-58017
Convert 8450 (base 11) to base 13.
5127
Convert 1385b (base 12) to base 13.
c47c
What is 210002133 (base 4) in base 11?
a09a6
230133001 (base 4) to base 7
1356136
Convert 102011112202211 (base 3) to base 15.
7c3951
1023314344 (base 5) to base 15
2cc069
Convert ea717 (base 16) to base 13.
278118
-358128 (base 11) to base 3
-1001210